d?
9
Suppose 0 = 5*l - 4*l - 174. Suppose -l = 18*j - 21*j. Let i = j + -5. What is the units digit of i?
3
Suppose -2*z = -3*i - 23, 3*z = 2*i - i + 24. Let j be (2/(-3))/(z/(-231)). What is the tens digit of 3/(1/(j/3))?
2
Suppose 4*i - 2*u = 7740, 6*i - i = 3*u + 9675. What is the thousands digit of i?
1
Let f(q) = 2*q - 9. Let k(r) = -5*r + 18. Let a(t) = 5*f(t) + 3*k(t). Suppose -5*v = -5*i - 10, 2*i - 5*v = -1 + 6. What is the tens digit of a(i)?
3
Let y(w) = 4*w - w - 7 - 4*w. Let u = -304 + 291. What is the units digit of y(u)?
6
Let y = 1434 + -617. What is the tens digit of y?
1
Suppose 5*g + 12 = -2*v - 1, 0 = 3*v + 3*g - 3. What is the tens digit of -3 + 354/9 - v/(-9)?
3
Let z = 2368 + -2190. What is the hundreds digit of z?
1
Let o = 68 + -65. Suppose 0 = 2*i + 2, g = -g - o*i + 161. What is the tens digit of g?
8
Let v = 548 - 386. What is the units digit of v?
2
Let r = 7284 - 3104. What is the tens digit of r?
8
Let a be (11/3 - 4)*-3. What is the units digit of (24 - (a - 3)) + 0?
6
Let s be 4 + (-1)/1*0. Suppose 2*w + 2*w - 56 = -q, -124 = -s*q + 4*w. Suppose -y + q = 5. What is the units digit of y?
1
Let u(d) = -d + 26. Let a be u(23). Suppose 6*v - 195 = v + 4*i, -80 = -a*v - 5*i. What is the tens digit of v?
3
Let j be ((-245)/5)/((-1)/1). Let t = 50 - 77. Let n = t + j. What is the units digit of n?
2
Suppose -2*j - x - 26 = 3*x, -2*x = 5*j + 97. Let l(n) = -n**3 - 21*n**2 - 4*n + 10. What is the units digit of l(j)?
4
What is the hundreds digit of (((-3)/2)/(-3))/((-2)/(-4636))?
1
Let a(z) = -3*z**3 + z**2 + 3*z + 2. Let x be a(-1). Suppose -4*o = -c - 47, -4*o = 5*c - x - 26. What is the tens digit of o?
1
Suppose -q - 4*q + 20 = 0. Suppose 5*x - q*g - 3 = 2, 0 = -5*g. What is the tens digit of 369/12 + x/4?
3
Let x(q) = -245*q + 428. What is the thousands digit of x(-18)?
4
Suppose -4*o + 98 = -0*q + 2*q, -q + 21 = -5*o. Let m = q - 31. What is the tens digit of ((-94)/m)/((-7)/35)?
4
Let x = -248 + 506. Let g = 453 - x. What is the hundreds digit of g?
1
Suppose 141*z - 35*z - 322134 = 0. What is the tens digit of z?
3
Let y(u) = -5*u - 2. Let l be y(4). Let k(g) = g**3 + 21*g**2 - 25*g - 16. What is the tens digit of k(l)?
5
Suppose 8 - 18 = -2*j. What is the units digit of j?
5
Let z(s) = 8*s**2 + 10*s - 12. What is the tens digit of z(2)?
4
Let z(s) = -52*s**2 + 4*s + 5. Let h be z(-2). Let d = -134 - h. What is the tens digit of d?
7
Suppose -3*q + 4*o = 911 - 6403, 0 = -2*q - o + 3654. What is the tens digit of q?
2
Let f be 1/5 + (-96)/(-20). Let u be (-6)/3*f/(-10). What is the units digit of u - (-5 - (-10)/5)?
4
Let n be (-45)/25 - (-1)/(-5). Let o(p) = -p**2 + p + 1. Let t be o(n). Let x = t + 9. What is the units digit of x?
4
Let v be 1/(-2) + (-165)/(-6). Suppose 3*c - 5*t + v = 0, 3 = -t + 6. What is the units digit of (5 + c)/((-2)/(-6))?
3
Let i(d) = -d**3 + 3*d**2 + 2*d - 1. Let h be i(3). Suppose -62 = -2*j - 4*f, 2*j + 56*f - 61*f = 26. Suppose -h = a - j. What is the tens digit of a?
1
Let w = 11872 - 8296. What is the thousands digit of w?
3
Let m = 6203 + -3408. What is the thousands digit of m?
2
Let l be ((-2)/3)/((-4)/(-6)). Let z = l + -19. What is the units digit of (-81)/(-18)*z/(-6)?
5
Let u = -262 + 439. What is the hundreds digit of u?
1
Suppose -3*a + 8 = -a. What is the tens digit of -7*(a/4 - 7)?
4
Suppose -13*h = 727 - 168. Let y = 153 - h. What is the hundreds digit of y?
1
Let k be (-1148)/12 + 4/(-24)*-4. Let f = 100 + k. What is the units digit of f?
5
Suppose 2*h + 2*j = 4*j + 5308, 0 = 5*h - 2*j - 13270. What is the thousands digit of h?
2
Let n be (2 - 4) + -1 - -8. Suppose -2*q - 1 = n. What is the units digit of (q/2)/(2/(-12))?
9
Let q be 1/(-2)*2*-59. Let u = q - -47. What is the hundreds digit of u?
1
What is the tens digit of 1*(2 + 24/(-4) - -193)?
8
Suppose -2*f = -20*f + 19782. What is the tens digit of f?
9
Let n(c) = c**3 - 45*c**2 - 94*c + 2. Let l be n(47). Let f be 2/(-5) + 17/5. Suppose 118 = 2*p + f*k, -2*p - 3*k = -l*k - 114. What is the tens digit of p?
5
Let s(f) = 3*f + 1. Let w be 29 - (-2 - 10)/3. Suppose -5*j = 16 - 1, -3*m + 4*j = -w. What is the tens digit of s(m)?
2
Suppose 1225 - 259 = 3*n. What is the tens digit of n?
2
Let j = 289 + -208. What is the units digit of j?
1
Let c(s) = s**2 - 14*s + 3. Let b be c(14). What is the units digit of (b - 1) + (103 + -1 - 2)?
2
Let g be ((-6)/4)/((-5)/100*3). Let v(t) be the third derivative of t**5/60 - t**4/3 - 13*t**3/6 + 2*t**2. What is the units digit of v(g)?
7
Let g(n) be the first derivative of 4*n**3/3 + n**2 - 2*n - 1. Let z be g(1). Suppose z*o - 5*o = -34. What is the tens digit of o?
3
Let q = 4009 + -2443. What is the units digit of q?
6
Let p(m) = m**3 + 10*m**2 + m - 6. What is the hundreds digit of p(-5)?
1
Let d = 3752 - 344. What is the tens digit of d?
0
Let b = -741 + 1148. What is the tens digit of b?
0
Suppose 4*i + 52 = -24. Suppose -13 = c + 20. Let n = i - c. What is the tens digit of n?
1
Let m = -14 + 17. Suppose 3*q + u - 710 = m*u, 5*q - 3*u = 1185. What is the units digit of q?
0
Let h be ((-112)/(-4))/4 + -2. Suppose 0 = 2*d - 2, 2*d + 13 = h*t - 15. Suppose b - 14 = -t*b. What is the units digit of b?
2
Suppose -35*b - 165 = -36*b + 2*i, -785 = -5*b + 2*i. What is the hundreds digit of b?
1
Suppose -3*h + 3*d - 18 = 0, -2*h + 6*h = -2*d + 6. What is the tens digit of 89 + -3 + 0 + 0 + h?
8
Suppose 1015 = 3*q + t, -t = 2*q + 44 - 720. Suppose 89 - q = -x. What is the units digit of x?
0
Let v(y) = -y**3 + 6*y**2 - y + 14. Let s be v(6). Suppose -5*u + u + s = m, 4*m - u = 100. What is the units digit of m?
4
What is the units digit of ((-3)/3 - -4)/(18/1032)?
2
Let r be (-1)/(((-14)/8)/7). Let t be -4 + 1 - r/4. What is the units digit of 32/(t + 3 - -2)?
2
Let g(t) = -15*t + 2. Let d be g(-6). Suppose 5*j = 9*j - d. Suppose 3*f - 19 = 3*k + j, 0 = f + k - 18. What is the tens digit of f?
1
Let m = -192 + 763. What is the hundreds digit of m?
5
Suppose 25*u = 34*u - 4959. What is the tens digit of u?
5
Let m = -60 + 10. Let s = -49 - m. What is the units digit of s?
1
Suppose -7*p - 2160 = -16*p. What is the tens digit of p?
4
Let s = -1333 - -850. Let j = -343 - s. What is the units digit of j?
0
Suppose 14*i = 12*i + 30. What is the units digit of (-1782)/(-30) + ((-6)/i)/1?
9
Suppose 4261 = 5*i + 2*f, 0 = f + 24 - 27. What is the units digit of i?
1
Suppose -x + 3144 = 7*x. What is the hundreds digit of x?
3
Suppose 2*r = -5*m + 10021, -3994 = -2*m - 5*r + 9*r. What is the units digit of m?
3
Let d(w) = -2*w**3 + 21*w**2 + 11*w. Let i be d(11). Suppose -10*u + 1045 + 125 = i. What is the tens digit of u?
1
Let m(c) = c**2 - 9*c + 6. Let n be m(8). What is the units digit of 2/(n/(-36)*2)?
8
Let t(g) = 12*g + 69. Let r be t(-6). Let p(h) be the first derivative of 2*h**3/3 - 5*h**2/2 - 3*h + 1. What is the tens digit of p(r)?
3
Suppose -20*g = 6*g - 140192. What is the hundreds digit of g?
3
Suppose -5*z + 926 = 2*v, 2*v + 4 = 10. Suppose 4*m - z = 8*m. Let q = -12 - m. What is the units digit of q?
4
Let n(q) = -84*q + 382. What is the tens digit of n(-19)?
7
Suppose -4*v + 5*o = -4774 - 15599, -2*v + 10189 = -3*o. What is the thousands digit of v?
5
Let q = 23 - 16. Let z(f) = -58*f**3 - 5*f**2 - 2*f + 7. Let v(i) = 29*i**3 + 2*i**2 + i - 3. Let p(m) = q*v(m) + 3*z(m). What is the units digit of p(1)?
9
Suppose 256*a = 250*a + 16896. What is the hundreds digit of a?
8
Suppose 16 = 3*g + 4. Suppose -2*t - 24 = -4*p, 7*p + g*t - 48 = 3*p. Suppose -z + p = 3. What is the units digit of z?
5
Let i(g) = g**2 - 11*g + 32. Let n be i(5). Suppose -5*m + 3*a = -213, -n*m - 4*a + 79 = -27. What is the units digit of m?
5
Let d(r) = -r**2 - 11*r - 11. Let q be d(-9). Let b = q - 14. What is the units digit of (b/(-3))/(4/60)?
5
Suppose 0 = -5*q - r - 3*r + 5, 0 = -3*q + 3*r + 30. Suppose -2*n = q*z + n - 55, 5*z - 5*n = 95. Suppose 5*x - 71 = z. What is the tens digit of x?
1
Let v be ((-36)/(-27))/((-2)/(-3)). Suppose k - 2 = 0, m + 4 = v*k + 2*k. What is the tens digit of (m + (-26)/(-2))*3?
5
Let x(w) = 61*w**3 + 7*w**2 - 7*w + 1. Let d(q) = -q**2 + q. Let r(z) = 6*d(z) + x(z). What is the units digit of r(1)?
2
Suppose 0 = -3*n + 4*n - 90. Suppose 9*t - 258 = 5*r + 7*t, 2*t